*d**2 - 2*d - 3. Let u be i(3). Calculate the greatest common divisor of u and r.
9
Let v(t) = -4*t - 4. Suppose 3*h - 7 + 40 = 0. Let o be v(h). Calculate the greatest common factor of 10 and o.
10
Let q(o) be the first derivative of 1/2*o**2 + 7*o - 1. Let j be q(-5). Calculate the highest common divisor of j and 2.
2
Suppose -i + 0*i = 48. Let b = -12 - i. Calculate the greatest common divisor of b and 18.
18
Suppose 0 = -11*c + 4*c + 308. Calculate the highest common factor of 33 and c.
11
Suppose 5*v + c = 35, -3*v - 3*c = v - 17. Suppose -3*i + 7 = -v. Suppose i*r - 177 - 123 = 0. What is the greatest common divisor of 24 and r?
12
Suppose 4*y - 876 = -c, 4*y = 2*y - 5*c + 420. What is the greatest common divisor of 20 and y?
20
Suppose o - 10 = 6*o. Let b be o/(((-6)/13)/3). What is the highest common factor of b and 104?
13
Let z = 6 + -2. Suppose -z*q - 36 = -5*u - 11, -4*q = 4*u - 20. What is the greatest common divisor of 2 and u?
1
Let k(z) = 5*z - 2. Let m be k(2). Suppose 2*f = f + m. What is the highest common factor of f and 16?
8
Suppose -5*n + 41 = 3*x - 4*x, n + x - 7 = 0. Let c = -1 - -2. Let s be 20/n*(c - -13). Calculate the greatest common factor of 5 and s.
5
Suppose 2*m - 2*h = 7 + 1, -5*m - 5*h + 10 = 0. Let j be (36/7)/(3/21). Suppose -30 = -m*s + j. What is the greatest common factor of s and 2?
2
Let o be 35/6 - 4/(-24). Calculate the highest common factor of o and 66.
6
Let m be -1*6/9*-3. Let p = m + -2. Let y be 1*(p - -1)*77. Calculate the greatest common divisor of 11 and y.
11
Suppose -4*w + 189 = 45. Suppose -3*t + 3*h + 153 = 0, -t + 2*h = -w - 12. Calculate the greatest common factor of t and 6.
6
Suppose 4*l = h + 9, h + l + l = 15. What is the greatest common divisor of 28 and h?
7
Suppose -k + 26 = 2*k - j, -k - 5*j = -14. Suppose 4*q + n - 7 = 0, -2*n = -3*q + 8*q - 8. Let r = q + -1. Calculate the greatest common divisor of r and k.
1
Suppose -5*d + 2*f + 7 = 0, 4*f - 27 = -5*d + 4. Calculate the greatest common divisor of d and 3.
3
Let c = -164 - -168. What is the highest common divisor of c and 20?
4
Let g be 29/(-3)*(-3 + 0). What is the highest common factor of g and 87?
29
Let l(n) be the second derivative of n**3/3 - n. Let x be l(-2). Let w be 2/x + 399/6. What is the highest common divisor of w and 6?
6
Let f(x) = -2*x - 2. Let u = -7 + 5. Let y be f(u). Suppose 140 = 4*t - y*t. Calculate the highest common factor of 10 and t.
10
Suppose 0 = 6*w - 40 - 56. Calculate the greatest common divisor of w and 2.
2
Let h = 52 - -33. What is the greatest common divisor of 17 and h?
17
Let a(h) = -h**3 + 14*h**2 - 7*h + 2. Let r be a(13). Let v be -1 + (3 - (0 - -2)). Suppose -4*u + r = -v*u. Calculate the greatest common divisor of 60 and u.
20
Let b = -38 - -54. Let j = 53 + 59. Calculate the highest common divisor of j and b.
16
Let l(b) = 2*b**2 - b + 2. Let u be l(1). Calculate the highest common divisor of u and 1.
1
Let x(o) = -o + 5. Let t be x(2). Suppose 3 + t = r. What is the greatest common factor of 15 and r?
3
Let s = 89 + -5. Let w(d) = -d**3 - 4*d**2 + 2*d - 3. Let k be w(-5). Calculate the greatest common divisor of k and s.
12
Suppose -7*f = -4*f. Let d be (4 - -83) + (3 - f). What is the greatest common divisor of d and 10?
10
Let j(o) = -o**3 - 2*o**2 + o + 55. Let q be j(0). Let b = -8 + 13. Calculate the greatest common divisor of b and q.
5
Let b(p) = -p**3 - 4*p**2 + 7*p + 7. Let d be b(-5). Let f be 10/(-6)*4*d. Calculate the greatest common factor of f and 4.
4
Let q = -29 - -39. Let a be -3 + 1/(1 + 0). Let b be a/(-4) - (-325)/q. What is the greatest common divisor of b and 11?
11
Let p(f) = 11*f - 2. Let h = 13 - 6. Let w be p(h). What is the greatest common factor of w and 15?
15
Suppose -3*z + 64 = -62. Suppose 2*m + 2*o - 101 = -3*m, -88 = -4*m + 2*o. What is the highest common divisor of z and m?
21
Let x(h) = 3*h**2 + 7*h + 4. Let o be x(-4). Suppose 2*t - 4*t = -12. What is the greatest common divisor of t and o?
6
Let t(r) = r**2 + 3*r + 1. Let n be t(-5). Suppose 3*x - 3 = -g, -2*x + 3 - 7 = 0. Let l = 10 - g. Calculate the greatest common divisor of n and l.
1
Let r(s) = -3*s + 0*s**2 + 2*s**2 - s**2 - 2. Let g be r(-2). What is the highest common factor of g and 72?
8
Let w(o) = -o**3 + 5*o**2 - o - 3. Let s be w(3). Let r be -3 - (-52 + (-1 - -2)). What is the highest common factor of s and r?
12
Let p(g) = 2*g**2 - g + 10. Let t be p(0). Calculate the greatest common divisor of 70 and t.
10
Let a = 49 - 29. Calculate the highest common factor of a and 180.
20
Let t be 20*1/(4/6). Let o be 7/((-7)/16) - 3. Let c = o - -39. Calculate the greatest common divisor of c and t.
10
Let b be 1 + -2*(-3)/6. Let t be 8*(3/(-2) + b). Suppose x = t*z - 509, 0 = 4*z - 3*z - 4*x - 146. What is the greatest common factor of z and 14?
14
Suppose 100 + 20 = 5*j. Calculate the highest common divisor of j and 60.
12
Let w(y) = -y**2 - 4*y - 4. Let o be w(-4). Let r = 8 + o. Suppose -r*x - x + 5 = 0. Calculate the greatest common factor of x and 3.
1
Let t = 36 + -25. Suppose 24 = 3*d - 3*u - 3, -d - 4*u = -19. What is the greatest common divisor of d and t?
11
Suppose -5*b = 4*x - 27, -3*b + 3*x = b - 3. What is the greatest common divisor of b and 24?
3
Let q = 102 - 92. What is the greatest common divisor of q and 170?
10
Let y(p) = -p**2 - 10*p - 5. Let s be y(-9). Suppose -63 = -5*w + 2*n, -n + 5*n - s = 0. Calculate the greatest common factor of 117 and w.
13
Suppose -4*i + 88 = -2*z, 0 = -4*i + i - z + 76. Calculate the greatest common divisor of i and 3.
3
Let f = 32 + -27. What is the greatest common factor of 5 and f?
5
Let k(j) = j**3 + 7*j**2 + 9*j - 2. Let t be k(-4). Calculate the greatest common factor of 4 and t.
2
Let l = 249 + -125. Suppose -2*w + 0*r + 72 = -r, -4*w - 3*r = -l. What is the greatest common factor of 17 and w?
17
Let j(x) = x + 7. Let g be j(-5). Let u be 62/4 + (-1)/g. Let a(w) = 39*w + 3. Let s be a(3). What is the highest common divisor of u and s?
15
Suppose 18 = 4*c - 2*c. Suppose 5*n - 49 = -2*b - 17, -5*b + 80 = -3*n. Let j be 3/(-15) - b/(-5). What is the greatest common factor of j and c?
3
Let i = 226 - 91. What is the highest common factor of i and 54?
27
Let w be (3*1)/(-1) + 5 + 8. What is the highest common divisor of w and 170?
10
Let m be ((-8)/12)/(1/(-9)). Let q = 8 - m. Suppose -5*g = -q*h + 3*h - 130, -g = -4*h - 47. What is the highest common divisor of 3 and g?
3
Let w(t) = 3*t**2 + 31*t - 5. Let y be w(-11). What is the greatest common factor of 136 and y?
17
Suppose 3*q - 6*q = 21. Let r(k) = -2*k - 6. Let d be r(q). What is the highest common factor of 2 and d?
2
Suppose 3*t - 2*o - 3 = 0, -3*o + 3 + 6 = 0. Suppose t*i - 20 = -i. Suppose i*u - 51 = -6. Calculate the highest common factor of u and 6.
3
Let i = 92 + -47. Let o be (6/(-6))/(1/(-7)). Suppose -o*m + 27 = -4*m. What is the greatest common factor of m and i?
9
Let z = -4 + 12. Let w(t) = -t**3 + 6*t**2 - 4*t - 5. Let x be w(5). Suppose l - 2*j = 0, x*j - 6 = -2*l - 2*j. Calculate the greatest common factor of l and z.
2
Suppose j - 2*j = -2*p - 10, 15 = -3*p + 4*j. Let r(k) = -2*k - 6. Let n be r(p). Suppose -1 = n*u - 45. What is the greatest common divisor of u and 77?
11
Let d be (-3)/4 + 3066/56. What is the greatest common factor of 81 and d?
27
Let s be (3 + -12)*35/(-5). What is the greatest common factor of s and 21?
21
Let g = -42 + 45. What is the highest common factor of g and 3?
3
Let f = -19 + 27. Calculate the highest common factor of f and 2.
2
Suppose -90 = 5*d + 510. Let m be (-6)/5*d/18. Calculate the highest common divisor of 40 and m.
8
Let c(v) = 8*v**2 + 1. Let k be c(-1). What is the greatest common factor of k and 18?
9
Suppose d - 7 = -0*d. Let g = d + -4. Suppose 0 = -z - 3*z - 3*w + 25, -z + 13 = g*w. What is the highest common factor of 4 and z?
4
Let k(v) = -3*v**3 - 2*v**2 - 2*v - 2. Let s be k(-2). Let l(u) = u**3 + 14*u**2 + 10*u - 3. Let o be l(-13). Calculate the highest common factor of s and o.
18
Let y = -43 - -178. What is the highest common divisor of y and 15?
15
Suppose 4*u + 3 = g, 5*g - 3*u - 15 = 2*u. Suppose -51 = -g*m + 15. What is the greatest common divisor of m and 55?
11
Let k = 173 - 110. What is the greatest 